{"id":90,"date":"2021-08-22T18:43:46","date_gmt":"2021-08-22T18:43:46","guid":{"rendered":"https:\/\/weigern.webhost-insider.de\/?page_id=90"},"modified":"2021-08-22T18:49:58","modified_gmt":"2021-08-22T18:49:58","slug":"datenschutz","status":"publish","type":"page","link":"https:\/\/weigern.webhost-insider.de\/?page_id=90","title":{"rendered":"Datenschutz\/Disclaimer"},"content":{"rendered":"<p><strong>Datenschutzerkl\u00e4rung<\/strong><\/p>\n<p>Diese Homepage ist nicht kommerziell. Personenbezogene Daten werden nicht erfasst. Diese sind sogar unerw\u00fcnscht. Tracking, Cookies, Google Analytics oder Logs werden nicht verwendet. Anfragen per eMail oder Kontaktformular sind freiwillig. Der Name sollte fiktiv verwendet werden. Nach Beantwortung einer Anfrage, wird die Korrespondenz komplett gel\u00f6scht. F\u00fcr Internetseiten anderer Anbieter, auf die z.B. \u00fcber Links verwiesen wird, gelten die dortigen Datenschutzhinweise und Erkl\u00e4rungen.<\/p>\n<p><strong>Haftungsausschluss (Disclaimer)<\/strong><\/p>\n<p><strong>Haftung f\u00fcr Inhalte<\/strong><\/p>\n<p>Als Diensteanbieter bin ich gem\u00e4\u00df \u00a7 7 Abs.1 TMG f\u00fcr eigene Inhalte auf diesen Seiten nach den allgemeinen Gesetzen verantwortlich. Nach \u00a7\u00a7 8 bis 10 TMG bin ich als Diensteanbieter jedoch nicht verpflichtet, \u00fcbermittelte oder gespeicherte fremde Informationen zu \u00fcberwachen oder nach Umst\u00e4nden zu forschen, die auf eine rechtswidrige T\u00e4tigkeit hinweisen. Verpflichtungen zur Entfernung oder Sperrung der Nutzung von Informationen nach den allgemeinen Gesetzen bleiben hiervon unber\u00fchrt. Eine diesbez\u00fcgliche Haftung ist jedoch erst ab dem Zeitpunkt der Kenntnis einer konkreten Rechtsverletzung m\u00f6glich. Bei Bekanntwerden von entsprechenden Rechtsverletzungen werden wir diese Inhalte umgehend entfernen.<\/p>\n<p><strong>Haftung f\u00fcr Links<\/strong><\/p>\n<p>Mein Angebot enth\u00e4lt Links zu externen Webseiten Dritter, auf deren Inhalte ich keinen Einfluss habe. Deshalb kann ich f\u00fcr diese fremden Inhalte auch keine Gew\u00e4hr \u00fcbernehmen. F\u00fcr die Inhalte der verlinkten Seiten ist stets der jeweilige Anbieter oder Betreiber der Seiten verantwortlich. Die verlinkten Seiten wurden zum Zeitpunkt der Verlinkung auf m\u00f6gliche Rechtsverst\u00f6\u00dfe \u00fcberpr\u00fcft. Rechtswidrige Inhalte waren zum Zeitpunkt der Verlinkung nicht erkennbar. Eine permanente inhaltliche Kontrolle der verlinkten Seiten ist jedoch ohne konkrete Anhaltspunkte einer Rechtsverletzung nicht zumutbar. Bei Bekanntwerden von Rechtsverletzungen werde ich derartige Links umgehend entfernen<\/p>\n<p>eMail: webmaster@webhost-insider.de<\/p>\n","protected":false},"excerpt":{"rendered":"<p>Datenschutzerkl\u00e4rung Diese Homepage ist nicht kommerziell. Personenbezogene Daten werden nicht erfasst. Diese sind sogar unerw\u00fcnscht. Tracking, Cookies, Google Analytics oder Logs werden nicht verwendet. Anfragen per eMail oder Kontaktformular sind freiwillig. Der Name sollte fiktiv verwendet werden. Nach Beantwortung einer Anfrage, wird die Korrespondenz komplett gel\u00f6scht. F\u00fcr Internetseiten anderer Anbieter, auf die z.B. \u00fcber Links &hellip; <\/p>\n<p class=\"link-more\"><a href=\"https:\/\/weigern.webhost-insider.de\/?page_id=90\" class=\"more-link\"><span class=\"screen-reader-text\">\u201eDatenschutz\/Disclaimer\u201c <\/span>weiterlesen<\/a><\/p>\n","protected":false},"author":1,"featured_media":0,"parent":0,"menu_order":0,"comment_status":"closed","ping_status":"closed","template":"","meta":[],"yoast_head":"<!-- This site is optimized with the Yoast SEO plugin v19.4 - https:\/\/yoast.com\/wordpress\/plugins\/seo\/ -->\n<title>Datenschutz\/Disclaimer - Google Skandal<\/title>\n<meta name=\"description\" content=\"Datenschutzerkl\u00e4rung\" \/>\n<meta name=\"robots\" content=\"index, follow, max-snippet:-1, max-image-preview:large, max-video-preview:-1\" \/>\n<link rel=\"canonical\" href=\"https:\/\/weigern.webhost-insider.de\/?page_id=90\" \/>\n<meta property=\"og:locale\" content=\"de_DE\" \/>\n<meta property=\"og:type\" content=\"article\" \/>\n<meta property=\"og:title\" content=\"Datenschutz\/Disclaimer - Google Skandal\" \/>\n<meta property=\"og:description\" content=\"Datenschutzerkl\u00e4rung\" \/>\n<meta property=\"og:url\" content=\"https:\/\/weigern.webhost-insider.de\/?page_id=90\" \/>\n<meta property=\"og:site_name\" content=\"Google Skandal\" \/>\n<meta property=\"article:modified_time\" content=\"2021-08-22T18:49:58+00:00\" \/>\n<meta name=\"twitter:card\" content=\"summary_large_image\" \/>\n<meta name=\"twitter:label1\" content=\"Gesch\u00e4tzte Lesezeit\" \/>\n\t<meta name=\"twitter:data1\" content=\"1\u00a0Minute\" \/>\n<script type=\"application\/ld+json\" class=\"yoast-schema-graph\">{\"@context\":\"https:\/\/schema.org\",\"@graph\":[{\"@type\":\"WebSite\",\"@id\":\"https:\/\/weigern.webhost-insider.de\/#website\",\"url\":\"https:\/\/weigern.webhost-insider.de\/\",\"name\":\"Google Skandal\",\"description\":\"Blog Auswahl aus Weigern.de\",\"potentialAction\":[{\"@type\":\"SearchAction\",\"target\":{\"@type\":\"EntryPoint\",\"urlTemplate\":\"https:\/\/weigern.webhost-insider.de\/?s={search_term_string}\"},\"query-input\":\"required name=search_term_string\"}],\"inLanguage\":\"de\"},{\"@type\":\"WebPage\",\"@id\":\"https:\/\/weigern.webhost-insider.de\/?page_id=90\",\"url\":\"https:\/\/weigern.webhost-insider.de\/?page_id=90\",\"name\":\"Datenschutz\/Disclaimer - Google Skandal\",\"isPartOf\":{\"@id\":\"https:\/\/weigern.webhost-insider.de\/#website\"},\"datePublished\":\"2021-08-22T18:43:46+00:00\",\"dateModified\":\"2021-08-22T18:49:58+00:00\",\"description\":\"Datenschutzerkl\u00e4rung\",\"breadcrumb\":{\"@id\":\"https:\/\/weigern.webhost-insider.de\/?page_id=90#breadcrumb\"},\"inLanguage\":\"de\",\"potentialAction\":[{\"@type\":\"ReadAction\",\"target\":[\"https:\/\/weigern.webhost-insider.de\/?page_id=90\"]}]},{\"@type\":\"BreadcrumbList\",\"@id\":\"https:\/\/weigern.webhost-insider.de\/?page_id=90#breadcrumb\",\"itemListElement\":[{\"@type\":\"ListItem\",\"position\":1,\"name\":\"Startseite\",\"item\":\"https:\/\/weigern.webhost-insider.de\/\"},{\"@type\":\"ListItem\",\"position\":2,\"name\":\"Datenschutz\/Disclaimer\"}]}]}<\/script>\n<!-- \/ Yoast SEO plugin. -->","yoast_head_json":{"title":"Datenschutz\/Disclaimer - Google Skandal","description":"Datenschutzerkl\u00e4rung","robots":{"index":"index","follow":"follow","max-snippet":"max-snippet:-1","max-image-preview":"max-image-preview:large","max-video-preview":"max-video-preview:-1"},"canonical":"https:\/\/weigern.webhost-insider.de\/?page_id=90","og_locale":"de_DE","og_type":"article","og_title":"Datenschutz\/Disclaimer - Google Skandal","og_description":"Datenschutzerkl\u00e4rung","og_url":"https:\/\/weigern.webhost-insider.de\/?page_id=90","og_site_name":"Google Skandal","article_modified_time":"2021-08-22T18:49:58+00:00","twitter_card":"summary_large_image","twitter_misc":{"Gesch\u00e4tzte Lesezeit":"1\u00a0Minute"},"schema":{"@context":"https:\/\/schema.org","@graph":[{"@type":"WebSite","@id":"https:\/\/weigern.webhost-insider.de\/#website","url":"https:\/\/weigern.webhost-insider.de\/","name":"Google Skandal","description":"Blog Auswahl aus Weigern.de","potentialAction":[{"@type":"SearchAction","target":{"@type":"EntryPoint","urlTemplate":"https:\/\/weigern.webhost-insider.de\/?s={search_term_string}"},"query-input":"required name=search_term_string"}],"inLanguage":"de"},{"@type":"WebPage","@id":"https:\/\/weigern.webhost-insider.de\/?page_id=90","url":"https:\/\/weigern.webhost-insider.de\/?page_id=90","name":"Datenschutz\/Disclaimer - Google Skandal","isPartOf":{"@id":"https:\/\/weigern.webhost-insider.de\/#website"},"datePublished":"2021-08-22T18:43:46+00:00","dateModified":"2021-08-22T18:49:58+00:00","description":"Datenschutzerkl\u00e4rung","breadcrumb":{"@id":"https:\/\/weigern.webhost-insider.de\/?page_id=90#breadcrumb"},"inLanguage":"de","potentialAction":[{"@type":"ReadAction","target":["https:\/\/weigern.webhost-insider.de\/?page_id=90"]}]},{"@type":"BreadcrumbList","@id":"https:\/\/weigern.webhost-insider.de\/?page_id=90#breadcrumb","itemListElement":[{"@type":"ListItem","position":1,"name":"Startseite","item":"https:\/\/weigern.webhost-insider.de\/"},{"@type":"ListItem","position":2,"name":"Datenschutz\/Disclaimer"}]}]}},"_links":{"self":[{"href":"https:\/\/weigern.webhost-insider.de\/index.php?rest_route=\/wp\/v2\/pages\/90"}],"collection":[{"href":"https:\/\/weigern.webhost-insider.de\/index.php?rest_route=\/wp\/v2\/pages"}],"about":[{"href":"https:\/\/weigern.webhost-insider.de\/index.php?rest_route=\/wp\/v2\/types\/page"}],"author":[{"embeddable":true,"href":"https:\/\/weigern.webhost-insider.de\/index.php?rest_route=\/wp\/v2\/users\/1"}],"replies":[{"embeddable":true,"href":"https:\/\/weigern.webhost-insider.de\/index.php?rest_route=%2Fwp%2Fv2%2Fcomments&post=90"}],"version-history":[{"count":5,"href":"https:\/\/weigern.webhost-insider.de\/index.php?rest_route=\/wp\/v2\/pages\/90\/revisions"}],"predecessor-version":[{"id":97,"href":"https:\/\/weigern.webhost-insider.de\/index.php?rest_route=\/wp\/v2\/pages\/90\/revisions\/97"}],"wp:attachment":[{"href":"https:\/\/weigern.webhost-insider.de\/index.php?rest_route=%2Fwp%2Fv2%2Fmedia&parent=90"}],"curies":[{"name":"wp","href":"https:\/\/api.w.org\/{rel}","templated":true}]}}